{"id":2763,"date":"2014-04-08T17:27:38","date_gmt":"2014-04-08T17:27:38","guid":{"rendered":"http:\/\/eba-consulting.es\/v2\/?page_id=2763"},"modified":"2021-01-04T18:10:26","modified_gmt":"2021-01-04T18:10:26","slug":"responsabilidad-social-corporativa","status":"publish","type":"page","link":"https:\/\/eba-consulting.es\/v2\/responsabilidad-social-corporativa\/","title":{"rendered":"Responsabilidad Social Corporativa"},"content":{"rendered":"\t\t<div data-elementor-type=\"wp-page\" data-elementor-id=\"2763\" class=\"elementor elementor-2763\">\n\t\t\t\t\t\t<div class=\"elementor-inner\">\n\t\t\t\t<div class=\"elementor-section-wrap\">\n\t\t\t\t\t\t\t\t\t<section class=\"elementor-section elementor-top-section elementor-element elementor-element-4eb9ea6c elementor-section-boxed elementor-section-height-default elementor-section-height-default\" data-id=\"4eb9ea6c\" data-element_type=\"section\">\n\t\t\t\t\t\t<div class=\"elementor-container elementor-column-gap-default\">\n\t\t\t\t\t\t\t<div class=\"elementor-row\">\n\t\t\t\t\t<div class=\"elementor-column elementor-col-100 elementor-top-column elementor-element elementor-element-ffb32f2\" data-id=\"ffb32f2\" data-element_type=\"column\">\n\t\t\t<div class=\"elementor-column-wrap elementor-element-populated\">\n\t\t\t\t\t\t\t<div class=\"elementor-widget-wrap\">\n\t\t\t\t\t\t<div class=\"elementor-element elementor-element-1f35bcfd elementor-widget elementor-widget-text-editor\" data-id=\"1f35bcfd\" data-element_type=\"widget\" data-widget_type=\"text-editor.default\">\n\t\t\t\t<div class=\"elementor-widget-container\">\n\t\t\t\t\t\t\t\t<div class=\"elementor-text-editor elementor-clearfix\">\n\t\t\t\t<p>Atendiendo a la Responsabilidad Social Corporativa (RSC) en EBA-Consulting tenemos claro que la pr\u00e1ctica \u00e9tica de la consultor\u00eda se acrecienta cuando se toma en consideraci\u00f3n a la empresa como un grupo de personas.<\/p><p>Por ello hemos desarrollado un programa basado en\u00a0<strong>4 \u201cinversiones\u201d fundamentales<\/strong>:<\/p><p><strong>Invertir en una \u00e9tica y filosof\u00eda empresarial propia<\/strong>\u00a0en nuestros l\u00edderes que nos instituya como una organizaci\u00f3n genuina y orientada a devolver el favor que la sociedad nos ha brindado con su respaldo.<\/p><p><strong>Invertir en nuevas tecnolog\u00edas<\/strong>, tanto en lo que concierne al aprovechamiento de la sociedad de la informaci\u00f3n como al desarrollo de un ambiente tecnol\u00f3gico innovador, adecuado y seguro que sirva como plataforma de las nuevas exigencias que hoy se tienen que sortear por la geograf\u00eda, las distancias y los cambios en el entorno.<\/p><p><strong>Invertir en nuestro capital humano<\/strong>\u00a0para que nuestra organizaci\u00f3n alcance sus objetivos. Creemos firmemente que invertir en mejorar y hacer evolucionar positivamente a nuestra gente de manera que alcance sus objetivos propios conlleva al \u00e9xito de \u00e9sta y de cualquier otra organizaci\u00f3n. Por ello, el enriquecimiento de nuestro equipo se traduce en un \u00e9xito para su empresa.<\/p><p><strong>Invertir en una pol\u00edtica de calidad y medio ambiente<\/strong>\u00a0que permita aprovechar los recursos actuales de forma sostenible para no comprometer a las generaciones futuras, y buscando imprimir un sello de valor a\u00f1adido a los productos y servicios tanto propios como de nuestros clientes.<\/p><p>EBA-Consulting es una ORGANIZACI\u00d3N SOCIALMENTE RESPONSABLE<\/p>\t\t\t\t\t<\/div>\n\t\t\t\t\t\t<\/div>\n\t\t\t\t<\/div>\n\t\t\t\t\t\t<\/div>\n\t\t\t\t\t<\/div>\n\t\t<\/div>\n\t\t\t\t\t\t\t\t<\/div>\n\t\t\t\t\t<\/div>\n\t\t<\/section>\n\t\t\t\t\t\t\t\t\t<\/div>\n\t\t\t<\/div>\n\t\t\t\t\t<\/div>\n\t\t","protected":false},"excerpt":{"rendered":"<p>Atendiendo a la Responsabilidad Social Corporativa (RSC) en EBA-Consulting tenemos claro que la pr\u00e1ctica \u00e9tica de la consultor\u00eda se acrecienta cuando se toma en consideraci\u00f3n a la empresa como un grupo de personas. Por ello hemos desarrollado un programa basado en\u00a04 \u201cinversiones\u201d fundamentales: Invertir en una \u00e9tica y filosof\u00eda empresarial propia\u00a0en nuestros l\u00edderes que nos<\/p>\n","protected":false},"author":1,"featured_media":0,"parent":0,"menu_order":0,"comment_status":"open","ping_status":"open","template":"","meta":{"_mi_skip_tracking":false},"_links":{"self":[{"href":"https:\/\/eba-consulting.es\/v2\/wp-json\/wp\/v2\/pages\/2763"}],"collection":[{"href":"https:\/\/eba-consulting.es\/v2\/wp-json\/wp\/v2\/pages"}],"about":[{"href":"https:\/\/eba-consulting.es\/v2\/wp-json\/wp\/v2\/types\/page"}],"author":[{"embeddable":true,"href":"https:\/\/eba-consulting.es\/v2\/wp-json\/wp\/v2\/users\/1"}],"replies":[{"embeddable":true,"href":"https:\/\/eba-consulting.es\/v2\/wp-json\/wp\/v2\/comments?post=2763"}],"version-history":[{"count":6,"href":"https:\/\/eba-consulting.es\/v2\/wp-json\/wp\/v2\/pages\/2763\/revisions"}],"predecessor-version":[{"id":8149,"href":"https:\/\/eba-consulting.es\/v2\/wp-json\/wp\/v2\/pages\/2763\/revisions\/8149"}],"wp:attachment":[{"href":"https:\/\/eba-consulting.es\/v2\/wp-json\/wp\/v2\/media?parent=2763"}],"curies":[{"name":"wp","href":"https:\/\/api.w.org\/{rel}","templated":true}]}}