{"id":4058,"date":"2014-10-16T12:36:31","date_gmt":"2014-10-16T12:36:31","guid":{"rendered":"http:\/\/eba-consulting.es\/v2\/?page_id=4058"},"modified":"2020-03-30T08:35:50","modified_gmt":"2020-03-30T08:35:50","slug":"publicaciones","status":"publish","type":"page","link":"https:\/\/eba-consulting.es\/v2\/publicaciones\/","title":{"rendered":"Publicaciones"},"content":{"rendered":"<p>[vc_row el_position=\u00bbfirst last\u00bb][vc_column][vc_column_text el_position=\u00bbfirst\u00bb]<\/p>\n<p style=\"text-align: justify;\">A continuaci\u00f3n puede revisar las publicaciones especializadas de EBA-Consulting sobre temas de relevancia en el sector de la consultor\u00eda y formaci\u00f3n de acuerdo con nuestro \u00e1mbito de trabajo.\u00a0El resultado de la experiencia e investigaci\u00f3n de nuestros profesionales conjuntamente con el apoyo de nuestra Divisi\u00f3n de Publicaciones est\u00e1 reflejado en estos documentos que son sin duda ejemplares que no pueden faltar en su biblioteca electr\u00f3nica personal.<\/p>\n<p>[\/vc_column_text][\/vc_column][\/vc_row][vc_row][vc_column][vc_separator][\/vc_column][\/vc_row][vc_row][vc_column]<h3 class=\"sentence\">La magia de lo simple: \u00bfProducir o ser productivo?<\/h3>[\/vc_column][\/vc_row][vc_row][vc_column width=\u00bb2\/3&#8243;][vc_column_text]En esta obra se aborda el estado actual de la relaci\u00f3n que existe entre la gesti\u00f3n del talento y la productividad desde una visi\u00f3n multidisciplinar y teniendo en cuenta las variables m\u00e1s importantes que inciden en ella.<\/p>\n<p>El autor comparte decenas de experiencias personales propias y de varios expertos y l\u00edderes de diversas organizaciones en las que explica con detalle buenas y malas pr\u00e1cticas que han llevado a la cumbre -o al fracaso- a m\u00faltiples procesos de productividad. En ese sentido, examina c\u00f3mo aprender de esas experiencias para a\u00f1adir valor a las personas y a sus organizaciones.<\/p>\n<p>El lector encontrar\u00e1 en estas p\u00e1ginas ideas para que los negocios alcancen un liderazgo del m\u00e1s alto nivel, por ejemplo, descubriendo nociones claras sobre c\u00f3mo detectar y gestionar empleados con talento, las ventajas de la gesti\u00f3n dual entre los departamentos de recursos humanos y los managers, innovadoras t\u00e9cnicas para desarrollar y poner en pr\u00e1ctica competencias profesionales, e\u00a0 ingeniosas formas de crear un pool de talento rentable, entre otras.<\/p>\n<p>Adem\u00e1s, se encontrar\u00e1 inmerso en historias detalladas que describen de forma divertida, cruda y franca los principales problemas y paradigmas a los que se enfrentan las organizaciones y la sociedad actual y de los cuales pocos se atreven a hablar en alto.<\/p>\n<p>A lo largo del libro, no s\u00f3lo se proponen ideas para encontrar soluciones a los distintos escenarios de improductividad y de mala gesti\u00f3n del capital humano sino que, adem\u00e1s, por primera vez se revelan numerosas t\u00e9cnicas pioneras en la formaci\u00f3n profesional actual para que el lector pueda encontrar f\u00e1cilmente f\u00f3rmulas para que el capital humano converja en la c\u00faspide de la productividad. Ejemplo de ello son la Tabla Peri\u00f3dica para pool de Talento\u00ae, la inducci\u00f3n emocional inversa o la Talent Footprint, herramientas que han demostrado ser de gran utilidad para resolver las profundas preocupaciones de organizaciones de todo tama\u00f1o, incluidas las grandes multinacionales.<\/p>\n<p>Si siente la necesidad de sumergirse en una lectura amena, interesante y llena de aprendizajes compartidos y acumulados en una sola obra, este es el libro que no puede dejar pasar. El lector sabr\u00e1 obtener de esta obra una profunda reflexi\u00f3n sobre el liderazgo que sin duda le har\u00e1 ver las cosas desde otro punto de vista.[\/vc_column_text][\/vc_column][vc_column width=\u00bb1\/3&#8243;][vc_single_image image=\u00bb7993&#8243; img_size=\u00bbfull\u00bb alignment=\u00bbcenter\u00bb css_animation=\u00bbappear\u00bb][\/vc_column][\/vc_row][vc_row top_margin=\u00bbpage_margin_top\u00bb][vc_column width=\u00bb1\/3&#8243;][vc_column_text]NOTA: Si lo desea, el libro tambi\u00e9n se encuentra disponible en formato f\u00edsico (papel) en las principales librer\u00edas en Espa\u00f1a, Amazon, El Corte Ingl\u00e9s, Carrefour, FNAC, Casa del Libro, Gandhi (M\u00e9xico), Ozonum (Argentina) y Librer\u00eda de la U (Colombia).[\/vc_column_text][\/vc_column][vc_column width=\u00bb1\/3&#8243;][vc_button title=\u00bbComprar el E-book\u00bb target=\u00bb_blank\u00bb text_color=\u00bb#ffffff\u00bb hover_text_color=\u00bb#ffffff\u00bb color=\u00bb#0384ce\u00bb hover_color=\u00bb#42b3e5&#8243; href=\u00bbhttps:\/\/eba-consulting.es\/v3\/shop-book\u00bb][\/vc_column][vc_column width=\u00bb1\/3&#8243;][vc_column_text]Este libro s\u00f3lo est\u00e1 disponible en Espa\u00f1ol.[\/vc_column_text][\/vc_column][\/vc_row]<\/p>\n","protected":false},"excerpt":{"rendered":"<p>[vc_row el_position=\u00bbfirst last\u00bb][vc_column][vc_column_text el_position=\u00bbfirst\u00bb] A continuaci\u00f3n puede revisar las publicaciones especializadas de EBA-Consulting sobre temas de relevancia en el sector de la consultor\u00eda y formaci\u00f3n de acuerdo con nuestro \u00e1mbito de trabajo.\u00a0El resultado de la experiencia e investigaci\u00f3n de nuestros profesionales conjuntamente con el apoyo de nuestra Divisi\u00f3n de Publicaciones est\u00e1 reflejado en estos documentos<\/p>\n","protected":false},"author":1,"featured_media":0,"parent":0,"menu_order":0,"comment_status":"open","ping_status":"closed","template":"","meta":{"_mi_skip_tracking":false},"_links":{"self":[{"href":"https:\/\/eba-consulting.es\/v2\/wp-json\/wp\/v2\/pages\/4058"}],"collection":[{"href":"https:\/\/eba-consulting.es\/v2\/wp-json\/wp\/v2\/pages"}],"about":[{"href":"https:\/\/eba-consulting.es\/v2\/wp-json\/wp\/v2\/types\/page"}],"author":[{"embeddable":true,"href":"https:\/\/eba-consulting.es\/v2\/wp-json\/wp\/v2\/users\/1"}],"replies":[{"embeddable":true,"href":"https:\/\/eba-consulting.es\/v2\/wp-json\/wp\/v2\/comments?post=4058"}],"version-history":[{"count":13,"href":"https:\/\/eba-consulting.es\/v2\/wp-json\/wp\/v2\/pages\/4058\/revisions"}],"predecessor-version":[{"id":8061,"href":"https:\/\/eba-consulting.es\/v2\/wp-json\/wp\/v2\/pages\/4058\/revisions\/8061"}],"wp:attachment":[{"href":"https:\/\/eba-consulting.es\/v2\/wp-json\/wp\/v2\/media?parent=4058"}],"curies":[{"name":"wp","href":"https:\/\/api.w.org\/{rel}","templated":true}]}}